{"id":104,"date":"2024-03-14T19:54:23","date_gmt":"2024-03-14T19:54:23","guid":{"rendered":"https:\/\/pro-talentos.com\/sitio\/?page_id=104"},"modified":"2024-03-15T14:29:59","modified_gmt":"2024-03-15T14:29:59","slug":"luciana-alfaro","status":"publish","type":"page","link":"https:\/\/pro-talentos.com\/sitio\/luciana-alfaro\/","title":{"rendered":"Luciana Alfaro"},"content":{"rendered":"<p><img decoding=\"async\" class=\"wp-image-121 alignleft\" src=\"https:\/\/i0.wp.com\/pro-talentos.com\/sitio\/wp-content\/uploads\/2024\/03\/1.png?resize=200%2C200&#038;ssl=1\" alt=\"\" width=\"200\" height=\"200\" srcset=\"https:\/\/i0.wp.com\/pro-talentos.com\/sitio\/wp-content\/uploads\/2024\/03\/1.png?resize=300%2C300&amp;ssl=1 300w, https:\/\/i0.wp.com\/pro-talentos.com\/sitio\/wp-content\/uploads\/2024\/03\/1.png?resize=150%2C150&amp;ssl=1 150w, https:\/\/i0.wp.com\/pro-talentos.com\/sitio\/wp-content\/uploads\/2024\/03\/1.png?w=500&amp;ssl=1 500w\" sizes=\"(max-width: 200px) 100vw, 200px\" data-recalc-dims=\"1\" \/>Luciana Alfaro<br \/>\nDirectora<br \/>\nLicenciada en Recursos Humanos y Relaciones Laborales en Universidad Catolica del Uruguay.<br \/>\nDirige Pro-Talentos Consultora de reclutamiento y selecci\u00f3n de personal desde el a\u00f1o 2013. En su rol como directora coordina los distintos procesos de selecci\u00f3n y evaluaci\u00f3n hasta llegar a identificar el mejor candidato\/a. Gestiona distintos talleres in-company adecu\u00e1ndose a las necesidades de los clientes.<br \/>\nA nivel gremial, es directiva de la C\u00e1mara Empresarial de Treinta y Tres<\/p>\n","protected":false},"excerpt":{"rendered":"<p>Luciana Alfaro Directora Licenciada en Recursos Humanos y Relaciones Laborales en Universidad Catolica del Uruguay. Dirige Pro-Talentos Consultora de reclu<\/p>\n","protected":false},"author":1,"featured_media":0,"parent":0,"menu_order":0,"comment_status":"closed","ping_status":"closed","template":"about.php","meta":{"footnotes":""},"class_list":["post-104","page","type-page","status-publish","hentry"],"aioseo_notices":[],"jetpack_sharing_enabled":true,"_links":{"self":[{"href":"https:\/\/pro-talentos.com\/sitio\/wp-json\/wp\/v2\/pages\/104","targetHints":{"allow":["GET"]}}],"collection":[{"href":"https:\/\/pro-talentos.com\/sitio\/wp-json\/wp\/v2\/pages"}],"about":[{"href":"https:\/\/pro-talentos.com\/sitio\/wp-json\/wp\/v2\/types\/page"}],"author":[{"embeddable":true,"href":"https:\/\/pro-talentos.com\/sitio\/wp-json\/wp\/v2\/users\/1"}],"replies":[{"embeddable":true,"href":"https:\/\/pro-talentos.com\/sitio\/wp-json\/wp\/v2\/comments?post=104"}],"version-history":[{"count":4,"href":"https:\/\/pro-talentos.com\/sitio\/wp-json\/wp\/v2\/pages\/104\/revisions"}],"predecessor-version":[{"id":128,"href":"https:\/\/pro-talentos.com\/sitio\/wp-json\/wp\/v2\/pages\/104\/revisions\/128"}],"wp:attachment":[{"href":"https:\/\/pro-talentos.com\/sitio\/wp-json\/wp\/v2\/media?parent=104"}],"curies":[{"name":"wp","href":"https:\/\/api.w.org\/{rel}","templated":true}]}}